91193?
False
Is 479127 a multiple of 361?
False
Is 240929 a multiple of 13?
True
Is 417751 a multiple of 65?
False
Does 152 divide 1152768?
True
Does 36 divide 210600?
True
Does 448 divide 1028608?
True
Does 24 divide 4701288?
True
Does 17 divide 5610731?
True
Does 408 divide 2406070?
False
Does 69 divide 157458?
True
Does 59 divide 1035603?
False
Is 74651 a multiple of 39?
False
Does 7 divide 5288750?
False
Does 3 divide 1522240?
False
Is 1703 a factor of 192310?
False
Is 5690165 a multiple of 31?
False
Is 4719708 a multiple of 14?
True
Does 87 divide 17019390?
False
Does 86 divide 139492?
True
Is 18545 a multiple of 2?
False
Does 282 divide 430798?
False
Is 43 a factor of 20542?
False
Is 136888 a multiple of 25?
False
Is 14 a factor of 600124?
True
Is 25554823 a multiple of 54?
False
Is 20 a factor of 752508?
False
Is 18890299 a multiple of 1580?
False
Does 7 divide 1720523?
True
Is 43 a factor of 282031?
False
Does 45 divide 146584?
False
Is 1963449 a multiple of 12?
False
Is 19 a factor of 182096?
True
Does 36 divide 61884?
True
Is 15260 a multiple of 10?
True
Does 682 divide 947017?
False
Is 60309 a multiple of 85?
False
Is 308 a factor of 7050?
False
Is 11085014 a multiple of 8?
False
Is 1439263 a multiple of 6?
False
Does 7 divide 788781?
True
Is 734 a factor of 881534?
True
Is 39 a factor of 11129079?
True
Is 617440 a multiple of 141?
False
Is 133 a factor of 356087?
False
Is 107 a factor of 2833978?
False
Is 11 a factor of 579880?
False
Is 252191 a multiple of 419?
False
Is 3 a factor of 117936?
True
Does 996 divide 4330?
False
Does 60 divide 7797900?
True
Is 7 a factor of 43173?
False
Is 77 a factor of 817263?
False
Is 94 a factor of 230488?
True
Does 39 divide 26189?
False
Does 140 divide 7751228?
False
Is 14733844 a multiple of 881?
True
Is 1386105 a multiple of 129?
True
Does 17 divide 10999?
True
Does 446 divide 303726?
True
Is 356 a factor of 169907?
False
Is 883764 a multiple of 42?
True
Is 2464818 a multiple of 326?
False
Does 97 divide 184016?
False
Is 291254 a multiple of 13?
False
Is 155502 a multiple of 159?
True
Is 152400 a multiple of 6?
True
Does 24 divide 767489?
False
Is 291888 a multiple of 80?
False
Does 251 divide 7471015?
True
Does 5 divide 1525610?
True
Does 9 divide 184670?
False
Is 1598681 a multiple of 17?
False
Does 92 divide 296700?
True
Does 117 divide 11150758?
False
Is 210438 a multiple of 140?
False
Is 8892 a multiple of 4?
True
Is 6 a factor of 58326?
True
Is 1549217 a multiple of 61?
True
Is 785896 a multiple of 193?
True
Is 2577960 a multiple of 279?
True
Does 15 divide 141882?
False
Is 102 a factor of 3326708?
False
Does 15 divide 2159343?
False
Is 163586 a multiple of 81?
False
Does 14 divide 424284?
True
Is 58 a factor of 2372544?
False
Is 1074585 a multiple of 69?
False
Is 269 a factor of 3098107?
False
Does 87 divide 14048586?
True
Does 50 divide 394736?
False
Does 100 divide 483600?
True
Does 8 divide 23640?
True
Is 611240 a multiple of 10?
True
Does 95 divide 109530?
False
Is 7 a factor of 53686?
False
Is 4179371 a multiple of 27?
False
Is 107 a factor of 491558?
True
Does 1486 divide 1113014?
True
Does 9 divide 286394?
False
Is 128 a factor of 1564160?
True
Is 48678 a multiple of 145?
False
Is 1430582 a multiple of 14?
False
Does 648 divide 4648101?
False
Does 86 divide 3600182?
False
Is 85785 a multiple of 95?
True
Does 423 divide 1752066?
True
Is 3784396 a multiple of 121?
True
Does 8 divide 1319769?
False
Does 14 divide 1924874?
True
Does 201 divide 9418458?
True
Does 271 divide 512181?
False
Is 28 a factor of 752428?
False
Is 171631 a multiple of 187?
False
Is 5140440 a multiple of 72?
True
Is 80 a factor of 90000?
True
Is 277 a factor of 154590?
False
Is 55 a factor of 204396?
False
Is 381225 a multiple of 85?
True
Does 416 divide 255602?
False
Is 393 a factor of 1142844?
True
Does 473 divide 26283?
False
Does 10 divide 6645592?
False
Does 38 divide 42484?
True
Is 35 a factor of 204992?
False
Does 34 divide 379984?
True
Is 55 a factor of 1163924?
False
Is 23 a factor of 1541805?
True
Does 680 divide 1443089?
False
Is 63 a factor of 6353676?
True
Is 1515643 a multiple of 182?
False
Does 33 divide 108867?
True
Is 285888 a multiple of 354?
False
Is 37632 a multiple of 392?
True
Is 14 a factor of 6408306?
False
Is 1471199 a multiple of 137?
False
Is 51 a factor of 105440?
False
Does 539 divide 350345?
False
Is 3 a factor of 7215?
True
Does 52 divide 232864?
False
Is 56301 a multiple of 49?
True
Is 3917710 a multiple of 10?
True
Is 125 a factor of 3573250?
True
Does 9 divide 301645?
False
Is 45 a factor of 628110?
True
Is 37902 a multiple of 3?
True
Is 93730 a multiple of 206?
True
Is 2810480 a multiple of 40?
True
Is 738 a factor of 3439080?
True
Is 101 a factor of 5647516?
True
Does 178 divide 1665435?
False
Is 28 a factor of 694152?
False
Does 5 divide 1215088?
False
Is 26 a factor of 2576562?
False
Is 4933890 a multiple of 65?
True
Is 8694075 a multiple of 555?
True
Does 7 divide 207745?
False
Is 1430 a factor of 22448140?
True
Does 8 divide 23477?
False
Is 12 a factor of 255924?
True
Does 12 divide 76363?
False
Does 74 divide 1956560?
True
Is 94 a factor of 308023?
False
Is 237402 a multiple of 198?
True
Does 5 divide 1218570?
True
Is 88104 a multiple of 6?
True
Is 271 a factor of 132790?
True
Is 422 a factor of 140957?
False
Is 135474 a multiple of 112?
False
Is 16753173 a multiple of 925?
False
Is 74 a factor of 309468?
True
Does 53 divide 78256?
False
Is 246 a factor of 1085598?
True
Is 110328 a multiple of 173?
False
Does 262 divide 221724?
False
Is 13083626 a multiple of 778?
True
Does 463 divide 193534?
True
Does 57 divide 632073?
True
Is 885601 a multiple of 216?
False
Is 4946501 a multiple of 16?
False
Does 21 divide 1755432?
True
Does 76 divide 386612?
True
Is 76677 a multiple of 7?
False
Does 910 divide 5420870?
True
Is 2226418 a multiple of 50?
False
Is 195 a factor of 11700?
True
Is 323 a factor of 954142?
True
Does 17 divide 344851?
False
Does 6 divide 74199?
False
Does 25 divide 395450?
True
Is 6204 a multiple of 47?
True
Is 77 a factor of 417340?
True
Is 6 a factor of 242412?
True
Is 1941 a factor of 8134731?
True
Is 1689317 a multiple of 43?
False
Is 196 a factor of 33234?
False
Is 10 a factor of 197555?
False
Does 7 divide 3057152?
True
Is 6708840 a multiple of 1511?
True
Is 4555256 a multiple of 452?
True
Does 38 divide 3293308?
True
Does 13 divide 99895?
False
Is 25 a factor of 1546826?
False
Does 3 divide 32459?
False
Is 96753 a multiple of 14?
False
Does 73 divide 1977570?
True
Is 181 a factor of 2018784?
False
Is 3 a factor of 66588?
True
Is 285 a factor of 1364010?
True
Does 778 divide 7137127?
False
Does 11 divide 215664?
False
Is 1130413 a multiple of 66?
False
Is 1230488 a multiple of 14?
True
Does 227 divide 823230?
False
Is 26 a factor of 131352?
True
Does 29 divide 3575?
False
Is 22 a factor of 29358685?
False
Does 1015 divide 10068350?
False
Does 81 divide 3478617?
False
Does 3 divide 36054?
True
Is 1155064 a multiple of 8?
True
Is 194 a factor of 158623?
False
Is 419435 a multiple of 52?
False
Is 592 a multiple of 16?
True
Does 774 divide 4525181?
False
Is 137020 a multiple of 403?
True
Is 14 a factor of 10925127?
False
Is 619604 a multiple of 382?
True
Does 18 divide 2143152?
True
Is 972000 a multiple of 25?
True
Is 639 a factor of 9862011?
False
Is 18 a factor of 1381505?
False
Is 156069 a multiple of 54?
False
Is 12 a factor of 74688?
True
Does 92 divide 2375722?
False
Is 22 a factor of 4958686?
False
Is 569 a factor of 6426265?
False
Is 1157011 a multiple of 4?
False
Is 3924 a multiple of 6?
True
Is 1163725 a multiple of 200?
False
Is 3145891 a multiple of 25?
False
Is 6044341 a multiple of 424?
False
Is 2784809 a multiple of 43?
True
Is 26549 a multiple of 8?
False
Is 8 a factor of 186456?
True
Is 82818 a multiple of 258?
True
Is 145 a factor of 1043855?
True
Is 6288783 a multiple of 152?
False
Is 149764 a multiple of 411?
False
Does 20 divide 33766?
False
Is 514 a factor of 835250?
True
Is 36 a factor of 759960?
True
Does 64 divide 1044288?
True
Is 535 a factor of 6724415?
True
Does 56 divide 9744?
True
Is 49 a factor of 1472058?
True
Does 275 divide 129269?
False
Is 5659040 a multiple of 313?
True
Is 9095789 a multiple of 312?
False
Is 787416 a m